11) in base 5?
-10302204
What is -4330055 (base 6) in base 14?
-57d2b
-ce8e2 (base 15) to base 7
-5403521
Convert -28369 (base 11) to base 10.
-40368
Convert 120b6 (base 13) to base 3.
1200102002
Convert 1023245 (base 9) to base 10.
546953
What is 2300402200 (base 5) in base 7?
61162230
Convert 1257676 (base 8) to base 5.
42232230
950b6 (base 13) to base 3
111121212201
What is -103243223 (base 5) in base 9?
-750660
What is 319691 (base 12) in base 11?
495937
What is -7801236 (base 9) in base 13?
-b3a906
Convert 56147712 (base 8) to base 15.
10e3a48
What is 2402235 (base 7) in base 9?
512080
Convert 104033143 (base 5) to base 16.
6f2ff
What is -4206048 (base 9) in base 13?
-609458
Convert -5e252 (base 15) to base 13.
-a6c64
Convert 1010011000000000000 (base 2) to base 14.
8bc76
Convert -3031134 (base 7) to base 4.
-1120001313
What is -6120331 (base 7) in base 11?
-457790
What is -1a65012 (base 12) in base 8?
-25307716
Convert c75861 (base 14) to base 8.
31550375
Convert -24528a (base 11) to base 9.
-650684
-10123101120 (base 4) to base 8
-4332130
Convert 106628 (base 9) to base 6.
1211555
Convert 8a511 (base 11) to base 13.
47862
Convert -1342335 (base 6) to base 15.
-1768b
Convert -12133232330 (base 4) to base 6.
-100255312
What is 2211111 (base 5) in base 2?
1001010110001001
601277 (base 8) to base 3
101000122211
Convert 2089049 (base 10) to base 3.
10221010122012
Convert 775293 (base 10) to base 3.
1110101111120
What is 32767 (base 15) in base 8?
471051
Convert -1212330230 (base 4) to base 16.
-66f2c
-22c7d (base 14) to base 2
-10100101100101111
What is 101011111001000011 (base 2) in base 6?
3504151
3a844 (base 14) to base 12
6b624
Convert 12e766 (base 15) to base 13.
25acc1
-317305 (base 9) to base 14
-4cc83
What is -212287 (base 9) in base 5?
-13020413
What is 31210230 (base 7) in base 2?
1010000000101110011100
What is -5d398d (base 14) in base 4?
-30030322321
What is 141949 (base 15) in base 5?
221423334
What is 20100222101112 (base 3) in base 15?
46ce8b
10011000100000010 (base 2) to base 15
18207
What is -242971 (base 10) in base 5?
-30233341
Convert -13662226 (base 7) to base 12.
-523bba
Convert -489973 (base 11) to base 13.
-211695
-1716b (base 16) to base 9
-153648
Convert -303657 (base 12) to base 11.
-4744a2
19af8 (base 16) to base 13
38b6c
Convert 2533bb (base 12) to base 16.
9437f
Convert -1b248b6 (base 12) to base 13.
-1271784
What is -15269e (base 16) in base 12?
-56a1ba
-25865213 (base 9) to base 15
-11b9680
Convert -897622 (base 10) to base 2.
-11011011001001010110
-166511 (base 8) to base 11
-41703
Convert -484979 (base 10) to base 12.
-1b47ab
-67770 (base 11) to base 10
-98087
Convert -1b4c79 (base 13) to base 16.
-aa03c
-4273142 (base 9) to base 14
-439451
Convert -123363 (base 10) to base 15.
-26843
What is 3230014023 (base 5) in base 8?
32165752
Convert 13440040 (base 7) to base 15.
19b56a
Convert 4903b (base 14) to base 10.
178413
What is -26966 (base 14) in base 8?
-271656
Convert 111010111001 (base 2) to base 16.
eb9
81551 (base 13) to base 14
60588
What is 120033101 (base 4) in base 15?
1e63b
What is -770548 (base 12) in base 15?
-274502
Convert -7204213 (base 8) to base 5.
-441341411
What is -34124341 (base 5) in base 16?
-49b16
What is 15120504 (base 6) in base 9?
877424
261813 (base 9) to base 3
22001220110
Convert 221112 (base 9) to base 15.
291cb
61002 (base 14) to base 6
4555454
Convert 1123301201 (base 4) to base 3.
201002122102
-11011100010001000 (base 2) to base 12
-55320
1010111001000010111001 (base 2) to base 4
22321002321
Convert -30334111 (base 8) to base 6.
-345132533
-125104140 (base 6) to base 5
-1113401333
-177877 (base 9) to base 15
-22c67
Convert 210525450 (base 6) to base 5.
1420310034
-31655160 (base 7) to base 16
-293e53
Convert -1536022 (base 8) to base 13.
-125b7c
What is 110796 (base 11) in base 5?
21123034
What is 25aa38 (base 13) in base 9?
1635038
-44234 (base 6) to base 12
-367a
What is -4550470 (base 10) in base 6?
-241310554
What is 464b0 (base 15) in base 9?
371013
What is 30921 (base 14) in base 15?
24a2b
Convert -4133204 (base 6) to base 16.
-30964
-850557 (base 10) to base 15
-11c03c
-303330212301 (base 4) to base 13
-2a8a357
What is -11111111101000 (base 2) in base 3?
-211102221
What is 511744 (base 8) in base 16?
293e4
Convert -10111000100101001 (base 2) to base 16.
-17129
-3043315 (base 6) to base 2
-100011100111111111
-1133340412 (base 5) to base 7
-31261665
301323114 (base 5) to base 3
2020220002011
Convert -530644 (base 7) to base 5.
-10412224
Convert -38427 (base 10) to base 12.
-1a2a3
What is -414743 (base 9) in base 6?
-5140103
What is -60b685 (base 12) in base 11?
-943793
Convert -4441042043 (base 5) to base 2.
-100101000001100110101010
77577 (base 12) to base 4
212211223
Convert 255460 (base 16) to base 12.
99b914
-4163311 (base 9) to base 7
-24632413
What is -207412 (base 8) in base 6?
-1253122
What is -2100111024 (base 5) in base 13?
-b77740
445513335 (base 6) to base 5
4034044233
2866c (base 13) to base 15
176d7
What is 13342651 (base 7) in base 4?
10232020123
-32aab (base 16) to base 7
-1523022
What is 50b2a (base 12) in base 6?
2131254
What is -75948 (base 13) in base 15?
-42e63
Convert 40754a0 (base 11) to base 13.
164c49c
-1001111000011 (base 2) to base 7
-20515
Convert 235b6 (base 16) to base 3.
21100122210
1712844 (base 10) to base 3
10020000120200
Convert -310ab97 (base 12) to base 7.
-141263161
Convert -703672 (base 9) to base 14.
-ab8c1
456475 (base 8) to base 16
25d3d
What is -344213 (base 5) in base 3?
-122001111
What is 1231200031 (base 4) in base 8?
1554015
Convert -156444 (base 9) to base 13.
-34c72
What is -636609 (base 11) in base 16?
-f8c46
23430 (base 8) to base 2
10011100011000
Convert -268e1e (base 15) to base 12.
-75419b
What is 27c821 (base 13) in base 12?
3a95a8
1110000010100011111 (base 2) to base 12
1a22a7
What is -16236011 (base 7) in base 3?
-2221212211002
-b414 (base 16) to base 3
-2100020102
What is -133511 (base 14) in base 5?
-132143144
What is 101100222110 (base 3) in base 2?
110001110101001001
Convert -1122010120102 (base 3) to base 5.
-210244110
What is 247786 (base 13) in base 11?
547303
684272 (base 9) to base 4
1210011011
294403 (base 10) to base 2
1000111111000000011
What is -203331303 (base 5) in base 4?
-3030332122
Convert 1123013332 (base 4) to base 14.
9a046
What is 345111 (base 14) in base 10?
1781067
Convert -2632046 (base 7) to base 13.
-c07b5
What is -cc0f75 (base 16) in base 4?
-303000331311
67785 (base 10) to base 7
401424
What is -6554244 (base 8) in base 16?
-1ad8a4
What is -515430 (base 6) in base 16?
-a1ca
-153446 (base 9) to base 11
-64a25
-7731667 (base 9) to base 7
-50211631
What is -10010111110111010010001 (base 2) in base 4?
-102332322101
What is -1780aa5 (base 12) in base 5?
-2223122021
Convert 1908d (base 16) to base 14.
29525
Convert 24503110 (base 6) to base 15.
107d96
-11100000100101000 (base 2) to base 3
-12211201200
Convert -103005203 (base 6) to base 9.
-3374523
What is 42010435 (base 6) in base 7?
13215605
10330020 (base 6) to base 2
1001010111111011100
-53807 (base 16) to base 14
-8c903
What is -61627 (base 10) in base 15?
-133d7
Convert -46325 (base 13) to base 12.
-62078
Convert 17dada (base 14) to base 16.
ce310
Convert 1272653 (base 9) to base 11.
437013
Convert -1111001010101001011100 (base 2) to base 8.
-17125134
Convert -24222203 (base 8) to base 3.
-101000011121012
What is -2e8683 (base 16) in base 4?
-23220122003
What is 3455215 (base 9) in base 10?
1867145
-1377987 (base 10) to base 14
-27c279
Convert -2152 (base 12) to base 9.
-5018
Convert -294d37 (base 15) to base 12.
-800144
What is 3a9845 (base 11) in base 6?
21434451
-569509 (base 10) to base 8
-2130245
Convert 3812a2 (base 13) to base 2.
101001000011000001010
Convert -7c26c (base 15) to base 6.
-12250403
What is -11505345 (base 6) in base 2?
-1011001100001100001
1546467 (base 8) to base 6
13315355
Convert -2285135 (base 9) to base 10.
-1237226
What is -77916a (base 15) in base 8?
-25576134
-20002102112 (base 3) to base 14
-3197d
Convert 10010000001010111010000 (base 2) to base 15.
634b51
What is -1111001000001001 (base 2) in base 9?
-103885
What is -12c184 (base 16) in base 5?
-303313223
113413 (base 12) to base 15
568b3
What is 101